{"id":1304,"date":"2025-07-19T07:05:25","date_gmt":"2025-07-19T07:05:25","guid":{"rendered":"https:\/\/new.wilfriedgerstel.net\/?page_id=1304"},"modified":"2026-03-31T16:42:02","modified_gmt":"2026-03-31T16:42:02","slug":"impressum","status":"publish","type":"page","link":"https:\/\/www.wilfriedgerstel.net\/?page_id=1304","title":{"rendered":"Impressum"},"content":{"rendered":"\t\t<div data-elementor-type=\"wp-page\" data-elementor-id=\"1304\" class=\"elementor elementor-1304\" data-elementor-post-type=\"page\">\n\t\t\t\t<div class=\"elementor-element elementor-element-babe159 e-flex e-con-boxed e-con e-parent\" data-id=\"babe159\" data-element_type=\"container\" data-e-type=\"container\" data-settings=\"{&quot;background_background&quot;:&quot;classic&quot;}\">\n\t\t\t\t\t<div class=\"e-con-inner\">\n\t\t<div class=\"elementor-element elementor-element-51a7538 e-con-full e-flex e-con e-child\" data-id=\"51a7538\" data-element_type=\"container\" data-e-type=\"container\" data-settings=\"{&quot;background_background&quot;:&quot;classic&quot;}\">\n\t\t\t\t<div class=\"elementor-element elementor-element-f2d7f0b elementor-widget elementor-widget-heading\" data-id=\"f2d7f0b\" data-element_type=\"widget\" data-e-type=\"widget\" data-widget_type=\"heading.default\">\n\t\t\t\t\t<h1 class=\"elementor-heading-title elementor-size-default\">Impressum<\/h1>\t\t\t\t<\/div>\n\t\t\t\t<\/div>\n\t\t\t\t\t<\/div>\n\t\t\t\t<\/div>\n\t\t<div class=\"elementor-element elementor-element-03fe164 e-flex e-con-boxed e-con e-parent\" data-id=\"03fe164\" data-element_type=\"container\" data-e-type=\"container\" data-settings=\"{&quot;background_background&quot;:&quot;classic&quot;}\">\n\t\t\t\t\t<div class=\"e-con-inner\">\n\t\t\t\t<div class=\"elementor-element elementor-element-03eb9e6 elementor-widget elementor-widget-text-editor\" data-id=\"03eb9e6\" data-element_type=\"widget\" data-e-type=\"widget\" data-widget_type=\"text-editor.default\">\n\t\t\t\t\t\t\t\t\t<p>F\u00fcr den Inhalt verantwortlich:<\/p><p>Wilfried Gerstel <br \/>Grieshofgasse 1\/14, 1120 Wien <br \/>ATU: 56447777<\/p><p><a href=\"mailto:atelier@wilfriedgerstel.net\">atelier@wilfriedgerstel.net<\/a><\/p><p><a href=\"http:\/\/www.wilfriedgestel.net\">www.wilfriedgerstel.net<\/a><\/p><p>Informationen und Offenlegung gem\u00e4\u00df \u00a75 (1) ECG, \u00a7 25 MedienG und \u00a7 14 UGB<\/p><p>Verweise und Links: <br \/>Trotz sorgf\u00e4ltiger inhaltlicher Kontrolle \u00fcbernehme ich keine Haftung f\u00fcr die Inhalte externer Links. F\u00fcr den Inhalt der verlinkten Seiten sind ausschlie\u00dflich deren Betreiber verantwortlich.<\/p><p>Haftungsausschluss: <br \/>Ich weise darauf hin, dass s\u00e4mtliche Angaben auf der Website ohne Gew\u00e4hr erfolgen und eine Haftung ausgeschlossen ist.<\/p><p>Datenschutz (DSGVO): <br \/>Ich nutze die mir \u00fcbermittelten Daten ausschlie\u00dflich zur Kommunikation mit Ihnen pers\u00f6nlich. Eine Weitergabe der Daten an Dritte ist ausgeschlossen.<\/p><p>Das Copyright f\u00fcr jegliches auf dieser Website ver\u00f6ffentlichtes Material ist vorbehalten. Eine Vervielf\u00e4ltigung oder Verwendung von Bildern, Fotos und Texten ist ohne schriftliche Zustimmung von mir nicht gestattet.<\/p>\t\t\t\t\t\t\t\t<\/div>\n\t\t\t\t<div class=\"elementor-element elementor-element-34391d0 elementor-widget elementor-widget-text-editor\" data-id=\"34391d0\" data-element_type=\"widget\" data-e-type=\"widget\" data-widget_type=\"text-editor.default\">\n\t\t\t\t\t\t\t\t\t<p>\u00a0<\/p><p>\u00a0<\/p><p>\u00a0<\/p><p>website programming &amp; design: <a href=\"https:\/\/www.denovaire.at\" target=\"_blank\" rel=\"noopener\"><strong>denovaire.at<\/strong><\/a><\/p>\t\t\t\t\t\t\t\t<\/div>\n\t\t\t\t\t<\/div>\n\t\t\t\t<\/div>\n\t\t<div class=\"elementor-element elementor-element-34b7931 e-flex e-con-boxed e-con e-parent\" data-id=\"34b7931\" data-element_type=\"container\" data-e-type=\"container\">\n\t\t\t\t\t<div class=\"e-con-inner\">\n\t\t\t\t<div class=\"elementor-element elementor-element-feb9061 elementor-widget elementor-widget-heading\" data-id=\"feb9061\" data-element_type=\"widget\" data-e-type=\"widget\" data-widget_type=\"heading.default\">\n\t\t\t\t\t<h2 class=\"elementor-heading-title elementor-size-default\">Add Your Heading Text Here<\/h2>\t\t\t\t<\/div>\n\t\t\t\t\t<\/div>\n\t\t\t\t<\/div>\n\t\t\t\t<\/div>\n\t\t","protected":false},"excerpt":{"rendered":"<p>Impressum F\u00fcr den Inhalt verantwortlich: Wilfried Gerstel Grieshofgasse 1\/14, 1120 Wien ATU: 56447777 atelier@wilfriedgerstel.net www.wilfriedgerstel.net Informationen und Offenlegung gem\u00e4\u00df \u00a75 (1) ECG, \u00a7 25 MedienG und \u00a7 14 UGB Verweise und Links: Trotz sorgf\u00e4ltiger inhaltlicher Kontrolle \u00fcbernehme ich keine Haftung f\u00fcr die Inhalte externer Links. F\u00fcr den Inhalt der verlinkten Seiten sind ausschlie\u00dflich deren Betreiber [&hellip;]<\/p>\n","protected":false},"author":1,"featured_media":0,"parent":0,"menu_order":0,"comment_status":"closed","ping_status":"closed","template":"","meta":{"_acf_changed":false,"footnotes":""},"categories":[1],"class_list":["post-1304","page","type-page","status-publish","hentry","category-uncategorized"],"acf":[],"yoast_head":"<!-- This site is optimized with the Yoast SEO plugin v27.3 - https:\/\/yoast.com\/product\/yoast-seo-wordpress\/ -->\n<title>Impressum - Wilfried Gerstel<\/title>\n<meta name=\"robots\" content=\"index, follow, max-snippet:-1, max-image-preview:large, max-video-preview:-1\" \/>\n<link rel=\"canonical\" href=\"https:\/\/www.wilfriedgerstel.net\/?page_id=1304\" \/>\n<meta property=\"og:locale\" content=\"de_DE\" \/>\n<meta property=\"og:type\" content=\"article\" \/>\n<meta property=\"og:title\" content=\"Impressum - Wilfried Gerstel\" \/>\n<meta property=\"og:description\" content=\"Impressum F\u00fcr den Inhalt verantwortlich: Wilfried Gerstel Grieshofgasse 1\/14, 1120 Wien ATU: 56447777 atelier@wilfriedgerstel.net www.wilfriedgerstel.net Informationen und Offenlegung gem\u00e4\u00df \u00a75 (1) ECG, \u00a7 25 MedienG und \u00a7 14 UGB Verweise und Links: Trotz sorgf\u00e4ltiger inhaltlicher Kontrolle \u00fcbernehme ich keine Haftung f\u00fcr die Inhalte externer Links. F\u00fcr den Inhalt der verlinkten Seiten sind ausschlie\u00dflich deren Betreiber [&hellip;]\" \/>\n<meta property=\"og:url\" content=\"https:\/\/www.wilfriedgerstel.net\/?page_id=1304\" \/>\n<meta property=\"og:site_name\" content=\"Wilfried Gerstel\" \/>\n<meta property=\"article:modified_time\" content=\"2026-03-31T16:42:02+00:00\" \/>\n<meta name=\"twitter:card\" content=\"summary_large_image\" \/>\n<meta name=\"twitter:label1\" content=\"Gesch\u00e4tzte Lesezeit\" \/>\n\t<meta name=\"twitter:data1\" content=\"1\u00a0Minute\" \/>\n<script type=\"application\/ld+json\" class=\"yoast-schema-graph\">{\"@context\":\"https:\\\/\\\/schema.org\",\"@graph\":[{\"@type\":\"WebPage\",\"@id\":\"https:\\\/\\\/www.wilfriedgerstel.net\\\/?page_id=1304\",\"url\":\"https:\\\/\\\/www.wilfriedgerstel.net\\\/?page_id=1304\",\"name\":\"Impressum - Wilfried Gerstel\",\"isPartOf\":{\"@id\":\"https:\\\/\\\/www.wilfriedgerstel.net\\\/#website\"},\"datePublished\":\"2025-07-19T07:05:25+00:00\",\"dateModified\":\"2026-03-31T16:42:02+00:00\",\"breadcrumb\":{\"@id\":\"https:\\\/\\\/www.wilfriedgerstel.net\\\/?page_id=1304#breadcrumb\"},\"inLanguage\":\"de\",\"potentialAction\":[{\"@type\":\"ReadAction\",\"target\":[\"https:\\\/\\\/www.wilfriedgerstel.net\\\/?page_id=1304\"]}]},{\"@type\":\"BreadcrumbList\",\"@id\":\"https:\\\/\\\/www.wilfriedgerstel.net\\\/?page_id=1304#breadcrumb\",\"itemListElement\":[{\"@type\":\"ListItem\",\"position\":1,\"name\":\"Home\",\"item\":\"https:\\\/\\\/www.wilfriedgerstel.net\\\/\"},{\"@type\":\"ListItem\",\"position\":2,\"name\":\"Impressum\"}]},{\"@type\":\"WebSite\",\"@id\":\"https:\\\/\\\/www.wilfriedgerstel.net\\\/#website\",\"url\":\"https:\\\/\\\/www.wilfriedgerstel.net\\\/\",\"name\":\"Wilfried Gerstel K\u00fcnstler\",\"description\":\"\",\"potentialAction\":[{\"@type\":\"SearchAction\",\"target\":{\"@type\":\"EntryPoint\",\"urlTemplate\":\"https:\\\/\\\/www.wilfriedgerstel.net\\\/?s={search_term_string}\"},\"query-input\":{\"@type\":\"PropertyValueSpecification\",\"valueRequired\":true,\"valueName\":\"search_term_string\"}}],\"inLanguage\":\"de\"}]}<\/script>\n<!-- \/ Yoast SEO plugin. -->","yoast_head_json":{"title":"Impressum - Wilfried Gerstel","robots":{"index":"index","follow":"follow","max-snippet":"max-snippet:-1","max-image-preview":"max-image-preview:large","max-video-preview":"max-video-preview:-1"},"canonical":"https:\/\/www.wilfriedgerstel.net\/?page_id=1304","og_locale":"de_DE","og_type":"article","og_title":"Impressum - Wilfried Gerstel","og_description":"Impressum F\u00fcr den Inhalt verantwortlich: Wilfried Gerstel Grieshofgasse 1\/14, 1120 Wien ATU: 56447777 atelier@wilfriedgerstel.net www.wilfriedgerstel.net Informationen und Offenlegung gem\u00e4\u00df \u00a75 (1) ECG, \u00a7 25 MedienG und \u00a7 14 UGB Verweise und Links: Trotz sorgf\u00e4ltiger inhaltlicher Kontrolle \u00fcbernehme ich keine Haftung f\u00fcr die Inhalte externer Links. F\u00fcr den Inhalt der verlinkten Seiten sind ausschlie\u00dflich deren Betreiber [&hellip;]","og_url":"https:\/\/www.wilfriedgerstel.net\/?page_id=1304","og_site_name":"Wilfried Gerstel","article_modified_time":"2026-03-31T16:42:02+00:00","twitter_card":"summary_large_image","twitter_misc":{"Gesch\u00e4tzte Lesezeit":"1\u00a0Minute"},"schema":{"@context":"https:\/\/schema.org","@graph":[{"@type":"WebPage","@id":"https:\/\/www.wilfriedgerstel.net\/?page_id=1304","url":"https:\/\/www.wilfriedgerstel.net\/?page_id=1304","name":"Impressum - Wilfried Gerstel","isPartOf":{"@id":"https:\/\/www.wilfriedgerstel.net\/#website"},"datePublished":"2025-07-19T07:05:25+00:00","dateModified":"2026-03-31T16:42:02+00:00","breadcrumb":{"@id":"https:\/\/www.wilfriedgerstel.net\/?page_id=1304#breadcrumb"},"inLanguage":"de","potentialAction":[{"@type":"ReadAction","target":["https:\/\/www.wilfriedgerstel.net\/?page_id=1304"]}]},{"@type":"BreadcrumbList","@id":"https:\/\/www.wilfriedgerstel.net\/?page_id=1304#breadcrumb","itemListElement":[{"@type":"ListItem","position":1,"name":"Home","item":"https:\/\/www.wilfriedgerstel.net\/"},{"@type":"ListItem","position":2,"name":"Impressum"}]},{"@type":"WebSite","@id":"https:\/\/www.wilfriedgerstel.net\/#website","url":"https:\/\/www.wilfriedgerstel.net\/","name":"Wilfried Gerstel K\u00fcnstler","description":"","potentialAction":[{"@type":"SearchAction","target":{"@type":"EntryPoint","urlTemplate":"https:\/\/www.wilfriedgerstel.net\/?s={search_term_string}"},"query-input":{"@type":"PropertyValueSpecification","valueRequired":true,"valueName":"search_term_string"}}],"inLanguage":"de"}]}},"_links":{"self":[{"href":"https:\/\/www.wilfriedgerstel.net\/index.php?rest_route=\/wp\/v2\/pages\/1304","targetHints":{"allow":["GET"]}}],"collection":[{"href":"https:\/\/www.wilfriedgerstel.net\/index.php?rest_route=\/wp\/v2\/pages"}],"about":[{"href":"https:\/\/www.wilfriedgerstel.net\/index.php?rest_route=\/wp\/v2\/types\/page"}],"author":[{"embeddable":true,"href":"https:\/\/www.wilfriedgerstel.net\/index.php?rest_route=\/wp\/v2\/users\/1"}],"replies":[{"embeddable":true,"href":"https:\/\/www.wilfriedgerstel.net\/index.php?rest_route=%2Fwp%2Fv2%2Fcomments&post=1304"}],"version-history":[{"count":70,"href":"https:\/\/www.wilfriedgerstel.net\/index.php?rest_route=\/wp\/v2\/pages\/1304\/revisions"}],"predecessor-version":[{"id":7648,"href":"https:\/\/www.wilfriedgerstel.net\/index.php?rest_route=\/wp\/v2\/pages\/1304\/revisions\/7648"}],"wp:attachment":[{"href":"https:\/\/www.wilfriedgerstel.net\/index.php?rest_route=%2Fwp%2Fv2%2Fmedia&parent=1304"}],"wp:term":[{"taxonomy":"category","embeddable":true,"href":"https:\/\/www.wilfriedgerstel.net\/index.php?rest_route=%2Fwp%2Fv2%2Fcategories&post=1304"}],"curies":[{"name":"wp","href":"https:\/\/api.w.org\/{rel}","templated":true}]}}